132
In base 9, what is -174 + -4?
-178
In base 5, what is 13 + -2412?
-2344
In base 8, what is 14401 - 4?
14375
In base 4, what is 12 + 201?
213
In base 4, what is 132 - -12?
210
In base 11, what is -3 + 2813?
2810
In base 13, what is 101 - 6?
c8
In base 12, what is 4 + -119?
-115
In base 12, what is -3 + -22?
-25
In base 11, what is -149 + -1?
-14a
In base 2, what is -11 - -10001110000?
10001101101
In base 3, what is -1120 - 10?
-1200
In base 6, what is -1 - -40?
35
In base 5, what is -4 + 13423?
13414
In base 14, what is 4 + -31?
-2b
In base 8, what is 1 + 111?
112
In base 12, what is 930 + 1?
931
In base 2, what is 10000101 + -10100?
1110001
In base 12, what is -1a + 96?
78
In base 5, what is -43231 - -3?
-43223
In base 11, what is 46 + 419?
464
In base 6, what is -10 + 25?
15
In base 9, what is 0 + -6?
-6
In base 12, what is -108 - -59?
-6b
In base 4, what is -12 + 211?
133
In base 9, what is -2 - 2?
-4
In base 10, what is 398 - -4?
402
In base 3, what is 1 + 22120?
22121
In base 11, what is -3 + 274?
271
In base 4, what is -11 - 1120221?
-1120232
In base 10, what is 7 - -2?
9
In base 2, what is 101110101100 + 0?
101110101100
In base 6, what is 4050 - 2?
4044
In base 9, what is 344 - 3?
341
In base 8, what is -10 - -6?
-2
In base 7, what is -2 + 40144?
40142
In base 3, what is 221 - -210?
1201
In base 4, what is 23333 + 1?
30000
In base 3, what is -20001011 + 1?
-20001010
In base 14, what is -24 + 5?
-1d
In base 12, what is -50a - -3?
-507
In base 4, what is 130 + -12?
112
In base 7, what is 0 + -12?
-12
In base 12, what is 349 + 2?
34b
In base 7, what is 3115 - 6?
3106
In base 6, what is -5 - -112?
103
In base 15, what is -8 - d?
-16
In base 9, what is -34 + -383?
-427
In base 12, what is -1 + -18?
-19
In base 7, what is 6 - -2?
11
In base 6, what is 130 - 105?
21
In base 9, what is 56 + 6?
63
In base 5, what is -242 - 20?
-312
In base 11, what is 4909 - -3?
4911
In base 7, what is 101 - 1051?
-650
In base 7, what is 206 - 12?
164
In base 4, what is 103020 - 10?
103010
In base 3, what is -2 - 1112000?
-1112002
In base 12, what is -3 + -520?
-523
In base 11, what is -1 - 2763?
-2764
In base 7, what is -111 - 11?
-122
In base 10, what is 78 - -35?
113
In base 3, what is 0 - -1002?
1002
In base 14, what is 39a - -3?
39d
In base 12, what is 1071 - -2?
1073
In base 15, what is -1 + 28?
27
In base 2, what is -110111 - -10?
-110101
In base 15, what is 1 - 9?
-8
In base 16, what is -2fa + 5?
-2f5
In base 10, what is -2 + 739?
737
In base 2, what is -110000 + 11?
-101101
In base 16, what is 5 - -1a?
1f
In base 11, what is -2 - -2a?
28
In base 13, what is -1c3a5 + 2?
-1c3a3
In base 9, what is -8 - 1422?
-1431
In base 2, what is 10110 + 1?
10111
In base 16, what is -2a2 + -b?
-2ad
In base 10, what is 0 - 2143?
-2143
In base 5, what is -112 + 13?
-44
In base 10, what is 21777 - -2?
21779
In base 14, what is 116 + -5?
111
In base 4, what is 11322 - -30?
12012
In base 5, what is -24131 + 4?
-24122
In base 4, what is 12003 + 31?
12100
In base 16, what is 0 - -2c?
2c
In base 2, what is 1011001 - 11?
1010110
In base 7, what is -6 + 213?
204
In base 4, what is 11 - 1230?
-1213
In base 13, what is 0 + -1?
-1
In base 6, what is -1132 - -2?
-1130
In base 2, what is 11 - 1101000?
-1100101
In base 8, what is -2125 + 4?
-2121
In base 7, what is 4231 - -5?
4236
In base 11, what is 4 - -79?
82
In base 16, what is 8a - -4?
8e
In base 5, what is 2 + 13413?
13420
In base 4, what is -12 - 12131?
-12203
In base 16, what is -1f - 0?
-1f
In base 8, what is 1 + 1757?
1760
In base 6, what is 15 - -2?
21
In base 7, what is -14 + -30?
-44
In base 15, what is -24 + -7?
-2b
In base 9, what is -725 + -1?
-726
In base 4, what is -11 - 103?
-120
In base 9, what is 10 - 6728?
-6718
In base 12, what is -33 - -7?
-28
In base 14, what is -70 + -4c?
-bc
In base 8, what is -4 - 227?
-233
In base 5, what is 1232 + 103?
1340
In base 2, what is 10100 + 1?
10101
In base 3, what is -202000011 - 12?
-202000100
In base 7, what is -153 - -4?
-146
In base 15, what is -27 + 3?
-24
In base 9, what is 7 + 165?
173
In base 14, what is -23 + -9?
-2c
In base 2, what is -111100000011 + -101?
-111100001000
In base 5, what is -2 - 2422?
-2424
In base 9, what is -37 + -10?
-47
In base 9, what is -1 - -26?
25
In base 10, what is 5 + 109?
114
In base 16, what is -6 + -d?
-13
In base 14, what is 8 - b?
-3
In base 5, what is 30 + 2?
32
In base 7, what is 56 + 4?
63
In base 10, what is -2 + -4279?
-4281
In base 12, what is -11 + -3?
-14
In base 11, what is -5 + 2349?
2344
In base 7, what is 110 + -2?
105
In base 13, what is -15 - 3c?
-54
In base 15, what is -d - 7?
-15
In base 6, what is 5 - 4?
1
In base 6, what is -1 - -10?
5
In base 15, what is -23 - 0?
-23
In base 7, what is -5 + -232?
-240
In base 6, what is -1005 - -122?
-443
In base 16, what is -1 - 7?
-8
In base 7, what is -1 - 10432?
-10433
In base 7, what is 4 + 142?
146
In base 2, what is -10 + 1000100?
1000010
In base 12, what is 1 - 55?
-54
In base 10, what is 2 - 570?
-568
In base 9, what is 13803 + 2?
13805
In base 13, what is -1 - -29?
28
In base 14, what is 4 - -19b?
1a1
In base 14, what is -a0 + c?
-92
In base 11, what is 384 + -4?
380
In base 11, what is -114 + -3?
-117
In base 3, what is -100222 + -22?
-101021
In base 6, what is 22 + -4?
14
In base 10, what is 0 - 118?
-118
In base 13, what is 36a - -5?
372
In base 6, what is 1103 + -10?
1053
In base 10, what is -241 + 2?
-239
In base 16, what is 210d + 0?
210d
In base 6, what is -1 - -5114?
5113
In base 15, what is 603 - 4?
5ee
In base 13, what is -186 - 0?
-186
In base 9, what is 0 - -55?
55
In base 6, what is -10 + -40?
-50
In base 16, what is 82 - 98?
-16
In base 16, what is 1 + 31?
32
In base 16, what is 9 + 0?
9
In base 11, what is 10 - -4?
14
In base 8, what is 121 - -6?
127
In base 3, what is -12 + -1200001?
-1200020
In base 4, what is -111030 - 0?
-111030
In base 16, what is -17 + 6e?
57
In base 7, what is 2325 - -5?
2333
In base 4, what is -102 + 113?
11
In base 9, what is 467 - 5?
462
In base 6, what is -400 - 101?
-501
In base 4, what is -1 - 3121?
-3122
In base 10, what is 3 + 3734?
3737
In base 7, what is 5 - -414?
422
In base 5, what is 1314 + -4?
1310
In base 7, what is -1 - 106?
-110
In base 7, what is -111 - -3?
-105
In base 9, what is -4741 + -1?
-4742
In base 16, what is -70 - 1?
-71
In base 7, what is -1013 + -2?
-1015
In base 8, what is -2716 - -4?
-2712
In base 13, what is -1c6 + 14?
-1b2
In base 12, what is 18 + -71?
-55
In base 6, what is -1552 - -24?
-1524
In base 11, what is 66 + -8?
59
In base 16, what is -4172 + 0?
-4172
In base 2, what is -11 - -1000?
101
In base 5, what is -10 + -14101?
-14111
In base 14, what is 78 + -1?
77
In base 16, what is -16 - -1a?
4
In base 13, what is -b51 + 9?
-b45
In base 3, what is -1222 - 20?
-2012
In base 4, what is 32 + -220?
-122
In base 15, what is -3c - 32?
-6e
In base 13, what is 25 - -3?
28
In base 8, what is 36 - -20?
56
In base 14, what is 46cb + -2?
46c9
In base 16, what is 1 - 84?
-83
In base 7, what is 2 - -216?
221
In base 4, what is -202222 - -2?
-202220
In base 14, what is -5 - 4cb?
-4d2
In base 9, what is -366 - -4?
-362
In base 4, what is -10 - 1122311?
-1122321
In base 8, what is -22 + 153?
131
In base 15, what is 2 + -41?
-3e
In base 4, what is -10 - -300230?
300220
In base 12, what is 188 - 8?
180
In base 5, what is -131 + 1?
-130
In base 4, what is 10 + 123?
133
In base 7, what is -426142 - -3?
-426136
In base 12, what is -2 - 47?
-49
In base 15, what is -6b + 1?
-6a
In base 12, what is -8009 + -2?
-800b
In base 10, what is -1374 - 3?
-1377
In base 3, what is -201021 - 0?
-201021
In base 6, what is 13 - -31404?
31421
In base 5, what is -3 + 42323?
42320
In base 15, what is 10a6 - 0?
10a6
In base 6, what is -32 - 42?
-114
In base 12, what is 3 - 20?
-19
In base 3, what is 12 + -1011202?
-1011120
In base 8, what is 3 - 4475?
-4472
In base 9, what is 0 + 51?
51
In base 16, what is b6 + 5?
bb
In base 5, what is 3334 + -2?
3332
In base 3, what is 2121 - -2220?
12111
In base 9, what is 15 - 12?
3
In base 8, what is 12 + -40?
-26
In base 2, what is -11001 - 110?
-11111
In base 13, what is -3 - -77?
74
In base 3, what is 200121212 + 2?
200121221
In base 15, what is 530 - 0?
530
In base 6, what is 3 + -1534?
-1531